- 65/(-2). Suppose 35 = 4*w - a. What are the prime factors of w?
17
Let h(u) = u + 3. Suppose 0*j = 4*j - 32. What are the prime factors of h(j)?
11
Let w(i) = -i**3 - 3*i**2 + 4*i + 3. Let n be w(-4). Suppose 2*v = -7*b + 2*b + 150, -5*b = n*v - 145. List the prime factors of b.
2
Let w(h) = h**3 - 14*h**2 + 5*h - 11. Let u be w(14). Let o = 20 + -8. Suppose -o = -3*s, 8 = -5*y - 4*s + u. What are the prime factors of y?
7
Let y = 233 - 152. What are the prime factors of y?
3
Let g be (1 - 2)/(3/(-117)). Suppose -2*o + g = o. List the prime factors of o.
13
What are the prime factors of (18/24)/(366/(-184) + 2)?
3, 23
Suppose -4*p = -9*p + 335. List the prime factors of p.
67
Let z = -6 - -9. Suppose -25 = z*b + 23. List the prime factors of b/(-3) - 3/9.
5
Let d = -19 - -52. List the prime factors of d.
3, 11
Let o = 107 - 47. List the prime factors of o.
2, 3, 5
Let z be (-2 - -3) + -2 + -23. Let q = -12 - z. Suppose -c + q = c. List the prime factors of c.
2, 3
Suppose -6 = -f - 2*f. What are the prime factors of f*(16/(-4) - -5)?
2
Let m(n) = -22*n - 3. Let a be m(-2). Suppose 31 = 4*j - a. What are the prime factors of j?
2, 3
Let u(r) = -r**2 + 9*r + 10. Let c be u(7). Let i = c + -17. Let z = 18 - i. List the prime factors of z.
11
Let q(i) = -7*i - 8. Let b(y) = -y. Let p(s) = -6*b(s) + q(s). Let z be p(-8). What are the prime factors of (-5)/((-1)/3 - z)?
3, 5
Let h(p) = 2*p**2 - 5*p - 12. List the prime factors of h(7).
3, 17
Let w(x) = -2*x + 1. Let p(q) = 2*q. Let g be p(-5). List the prime factors of w(g).
3, 7
Let c = -242 - -403. List the prime factors of c.
7, 23
Suppose 2*f - 114 - 66 = 0. What are the prime factors of f?
2, 3, 5
Suppose 0 = -s + f + 2 + 1, -3*s - 3*f + 3 = 0. What are the prime factors of s/(2 - 1) - -16?
2, 3
Suppose 0*n + 48 = 2*n. Suppose -o = -3, 2*i = -i + 4*o + n. List the prime factors of i.
2, 3
Let b = 6 - 3. Suppose 0 = -b*g + 7*g - 44. What are the prime factors of g?
11
Suppose 2*y - y + 6 = 0. Let g = y + 15. List the prime factors of g.
3
Let s(u) = 67*u**3 - 2*u**2 + 2*u - 1. Let v be s(1). Let f = v - 43. Suppose 5*k + 3*r - f = 0, -6*k - 2*r + 13 = -3*k. What are the prime factors of k?
7
Let m = -64 - -29. Let g = m + 55. What are the prime factors of g?
2, 5
Suppose -2*a + 0*a = 5*o - 18, -a = 2*o - 7. Suppose 0*u + o*l + 7 = 3*u, 0 = 5*l + 5. What are the prime factors of u*8*(-12)/(-8)?
2, 3
Let q(s) be the first derivative of -s**2/2 + 9*s + 3. What are the prime factors of q(4)?
5
Suppose -3*d + 48 = d. Suppose 36 = u + 6. Suppose 2*q - u = d. List the prime factors of q.
3, 7
Let d(i) = -2*i**3 - 9*i**2 - 10*i + 1. What are the prime factors of d(-6)?
13
Suppose 38 = 3*t - 52. Suppose -p = 0, -6*f = -f + 5*p - t. Let z = 11 - f. What are the prime factors of z?
5
Suppose -3*c + 20 = f + c, -3*f = c - 16. Suppose 3*h = 0, 4*s - 16 = -0*h + 3*h. Let a = s + f. List the prime factors of a.
2
Let o(m) = m + 20. Let u be o(-15). Let h = 8 - u. List the prime factors of h.
3
Let c(j) = j**3 - 7*j**2 + 7. Let h = 16 + -9. What are the prime factors of c(h)?
7
Let c = -152 + 213. List the prime factors of c.
61
Let r(l) be the first derivative of l**4/2 + 2*l**3/3 - l**2/2 + 2*l - 2. List the prime factors of r(2).
2, 3
Let m = 4 + 0. Suppose s - 36 - m = p, 2*p = -2*s + 92. What are the prime factors of s?
43
Suppose -4*v + 19 = 3*l, -2*v + 8 = v + l. Let q = v + 9. What are the prime factors of q?
2, 5
Let j = 15 - 6. What are the prime factors of j?
3
Suppose -2*s = -2*q + 2*s + 12, -5*s = q + 1. Suppose -9 = -q*d + 3. List the prime factors of d.
3
Let t(c) = -c**3 - 3*c**2 + 7*c + 8. What are the prime factors of t(-5)?
23
Suppose 4*c = -16, 2*c = -3*b - 20 - 24. Let x = 14 - b. What are the prime factors of x?
2, 13
Let a = -98 + 67. Let o = a - -46. List the prime factors of o.
3, 5
Let n be 10/(-25) + (-27)/(-5). Suppose 2*h - 73 = -2*h + 3*o, -43 = -2*h - n*o. List the prime factors of h.
19
Suppose -3*l = -2*l - 4. Suppose 0 = -n, l*n - n + 4 = 2*w. Suppose a = -2*o + 10, -3*a + w*a = 5*o - 1. What are the prime factors of a?
2
Let w(u) = 20*u**3 + u**2 + u - 1. Let n be (-11)/(-13) + 2/13. What are the prime factors of w(n)?
3, 7
Suppose -5*j = 2*u - 11, j - 7 = -4*u + 2*u. Suppose -3*b + 87 = u*o, 9*o - 4*o - 136 = 4*b. List the prime factors of o.
2, 7
Let g(z) = 2*z - 3. Let h be (-5 - -6) + 1 + 0. Let l = 5 + h. List the prime factors of g(l).
11
Suppose -5*q + 13 - 3 = 0. Suppose 3 + 3 = q*r. What are the prime factors of r?
3
Let u = 193 - 131. What are the prime factors of u?
2, 31
Suppose 5*l + 99 = 444. What are the prime factors of l?
3, 23
Let g be (12/15)/(2/20). Suppose g*c - 3*c - 10 = 0. Let y = c + 2. List the prime factors of y.
2
Suppose 4*s - 156 = -2*o + 170, 773 = 5*o - 4*s. List the prime factors of o.
157
Let l(c) = -76*c + 3. What are the prime factors of l(-3)?
3, 7, 11
List the prime factors of ((-6)/10)/(2*(-1)/170).
3, 17
Suppose -11*d + 3*d = -1344. What are the prime factors of d?
2, 3, 7
Let k be 20*(0 + (-2)/4). Let g = -6 - k. List the prime factors of g.
2
List the prime factors of 2*(-10)/(-16)*8.
2, 5
Let f(h) = -25*h - 28. List the prime factors of f(-5).
97
Let t(z) = 6*z**2 + 11*z + 8. Let x(f) = -7*f**2 - 11*f - 8. Let g(c) = -6*t(c) - 5*x(c). List the prime factors of g(-6).
2, 11
Suppose -z + 3*l = l + 1, -4*z = 5*l + 4. List the prime factors of 7 - z - (-10)/5.
2, 5
Suppose 0 = d - 3*d + 174. List the prime factors of d.
3, 29
Let o(l) = 2*l + 3 - l + l - l**2. Let x be o(3). Suppose 5*p - 25 = -x*p. What are the prime factors of p?
5
What are the prime factors of 3 - 0 - (2 - 17)?
2, 3
Suppose -10*s = -2*s - 1536. List the prime factors of s.
2, 3
Let x(d) = 3*d**2 + 7*d - 2. Let f be x(-8). Suppose 6*r - r - 5*j = 130, -f = -4*r - 2*j. Let u = r + -19. What are the prime factors of u?
2, 3
Suppose -7*c + 2220 = 3*c. What are the prime factors of c?
2, 3, 37
What are the prime factors of (8/(-10))/((-10)/175)?
2, 7
Let q = -12 - -7. Let f = 10 + q. List the prime factors of f.
5
Let b = 9 + -9. Let k(x) = -x**3 + 13. List the prime factors of k(b).
13
Let p(q) = -3*q - 5. Let a be p(-5). What are the prime factors of 8/2*a/4?
2, 5
Let i = 10 + 20. List the prime factors of i.
2, 3, 5
Suppose 0 = -0*y - 4*y + 16. Let g be (-6)/(-12) - (15/6)/(-5). What are the prime factors of 14/y*4/g?
2, 7
Let r(c) = -c**2 + 9*c - 6. Let p be r(8). Suppose -p*m = -m - 54. List the prime factors of m.
2, 3
List the prime factors of 6 - 6 - 174/(-2).
3, 29
Let w = -6 + 15. Suppose -r - 3*y - 8 = 0, -3 = 3*y + w. Suppose 2*k - r = b - 3*k, -5 = -b + 2*k. List the prime factors of b.
11
Suppose 6 = 5*d - 2*l - 4, -10 = -5*d + 5*l. Let j = -6 + d. List the prime factors of -2 + 19 - (j + 4).
17
Suppose 4*g = 16, 5*w = -g - 2*g + 37. Suppose 10 = -5*d - w*o, -4*d - 5*o = 4 + 3. Let r(j) = 2*j**2 + 3*j - 2. What are the prime factors of r(d)?
7
Suppose 0 = 2*k + 3*k - 10. Suppose -k = -x + 5. List the prime factors of x.
7
Suppose 4*t - 4*p = 32, 4*t - 24 = -p - 3*p. Let c(r) = -6*r**3 + r - t*r**3 + 2*r**3. What are the prime factors of c(-1)?
2, 5
Let v = 213 - 104. What are the prime factors of v?
109
Let d = 80 - 46. What are the prime factors of d?
2, 17
Let d(m) = -m - 3. Suppose -3*u - 17 = 2*f, -5*f - 4*u - u - 35 = 0. Let a be d(f). Let h = a - -10. List the prime factors of h.
11
Let f(o) be the second derivative of o**4/12 + o**3/6 - o. Let s be f(-2). Suppose s*r - 7 = 23. What are the prime factors of r?
3, 5
Let z = -3 - -3. Suppose 4*m + r = 5 + 9, z = 4*m + 2*r - 12. Suppose 0*x + m*x - 52 = 0. What are the prime factors of x?
13
Let g = 57 - 9. Let f = g + -30. List the prime factors of f.
2, 3
Let a(f) = f**3 + 5*f**2 - 5*f + 2. List the prime factors of a(3).
59
Let j(u) be the second derivative of 1/6*u**3 + 4*u**2 - 3*u + 0. What are the prime factors of j(0)?
2
Suppose 4*q + y - 30 = 0, q = -0*q - 2*y + 4. List the prime factors of q.
2
Let m = 8 - 3. Suppose 5*y - 2 - 23 = -m*p, -2*y = -3*p. List the prime factors of y.
3
Suppose 2*i - 16 = -4*x, 0*i - 2*i + 6 = -x. List the prime factors of (-9 + -4)*(1 - x).
13
List the prime factors of 0 + -1 - 0 - -67.
2, 3, 11
What are the prime factors of (1 + 4 - 3)*(-417)/(-6)?
139
Suppose 